at is m(3)?
4
Let h(w) = -5*w**2 + 2*w - 6. Determine h(2).
-22
Let r(z) = 6*z + 76. What is r(-13)?
-2
Let m(l) = l**2 + 19*l + 7. What is m(-17)?
-27
Let u(z) = z**3 - 11*z**2 + 23*z + 10. Give u(8).
2
Let d(g) = -g**3 + g**2 + 8*g - 2. Calculate d(3).
4
Let m(u) = -u**2 - 27*u - 27. What is m(-22)?
83
Let d(q) = q**3 + 7*q**2 + 5*q - 2. Give d(-6).
4
Let s(y) = 2*y + 54. Give s(-25).
4
Let f(j) = 2*j**3 - j**2. What is f(1)?
1
Let t(w) = w**3 + 3*w**2 - 2*w + 1. What is t(0)?
1
Let m(z) = -z**2 - 14*z - 25. Determine m(0).
-25
Let a(d) = d**2 - d + 2. Determine a(0).
2
Let x(n) = 7*n + 5. What is x(1)?
12
Let b(s) = -27*s**2 - s. Give b(1).
-28
Let o(h) = 2*h - 9. What is o(-4)?
-17
Let v(m) = m**2 - m - 4. What is v(4)?
8
Let p(h) = -12*h**2 - 73*h + 8. Determine p(-6).
14
Let c(g) = -g**3 + g - 3. Give c(0).
-3
Let a(m) = -m**2 + 5*m - 3. What is a(1)?
1
Let m(v) = -v**3 - 8*v**2 + 21*v + 11. Determine m(-10).
1
Let g(y) = -9*y + 6. Determine g(3).
-21
Let f(d) = d**3 + 8*d**2 + 5*d - 6. Calculate f(-7).
8
Let x(g) = -3*g. Determine x(6).
-18
Let v(q) = q + 3. Determine v(7).
10
Let y(n) = -2*n**2 - 185*n - 535. Give y(-3).
2
Let b(f) = 17*f**2 - 10*f + 2. What is b(1)?
9
Let u(s) = -5*s**2 - 45*s + 6. What is u(-9)?
6
Let b(m) = m**3 - 7*m**2 + 3*m - 8. Determine b(8).
80
Let j(z) = -z**2 - 15*z - 15. Give j(-13).
11
Let r(h) = -13*h - 74. Give r(-6).
4
Let j(x) = 3*x**2 - 2*x. Calculate j(2).
8
Let f(u) = -20*u - 3. Calculate f(-1).
17
Let i(h) = 2*h**2 + 11*h - 1. Calculate i(-5).
-6
Let f(o) = o**2 + 16*o + 46. Determine f(-13).
7
Let c(g) = 40*g + 6. Determine c(3).
126
Let s(g) = -23*g + 15. What is s(3)?
-54
Let r(f) = f**2 + 9*f - 31. Give r(0).
-31
Let d(l) = 2*l**3 - l**2 - 5. What is d(2)?
7
Let s(t) = 9*t + 43. Give s(-4).
7
Let y(u) = u**2 + 12*u - 72. Give y(-16).
-8
Let p(m) = 3*m**3 + 6*m**2 + 4*m - 5. Give p(-4).
-117
Let r(k) = -8*k + 64. Determine r(9).
-8
Let a(v) = v**3 - 5*v**2 - 2*v + 5. What is a(5)?
-5
Let i(u) = u**3 + 14*u**2 + 31*u - 10. Calculate i(-11).
12
Let v(x) = -x - 32. Give v(-12).
-20
Let z(h) = h**2 + 41*h + 175. What is z(-36)?
-5
Let v(n) = 3*n - 14. Give v(0).
-14
Let i(z) = z**2 + 2*z - 43. Calculate i(-8).
5
Let z(o) = -o**3 + 17*o**2 - 18*o + 27. Determine z(16).
-5
Let h(b) = -2*b**2 - 34*b + 9. Calculate h(-17).
9
Let y(z) = z**2 + 14*z - 8. What is y(-12)?
-32
Let y(w) = -9*w**3. Give y(-1).
9
Let f(m) = m**3 + 22*m**2 + 22*m + 46. Determine f(-21).
25
Let s(x) = -18*x + 6. What is s(0)?
6
Let r(l) = -l**3 - 21*l**2 + 23*l + 14. Give r(-22).
-8
Let x(c) = -9*c + 218. What is x(21)?
29
Let s(a) = a**3 - 8*a**2 + 3*a + 2. Calculate s(8).
26
Let s(h) = -h**2 + 7*h - 17. Determine s(4).
-5
Let v(y) = -34*y - 205. Give v(-6).
-1
Let q(m) = m - 4. Calculate q(-5).
-9
Let m(p) = -p**3 + 15*p**2 + 12*p - 8. Calculate m(16).
-72
Let y(p) = -p**3 + 3*p**2 - 2*p - 3. What is y(3)?
-9
Let h(t) = -2*t**2 + 47*t + 25. Calculate h(24).
1
Let g(w) = -18*w + 45. What is g(2)?
9
Let q(i) = i**2 + 12*i - 14. What is q(-13)?
-1
Let s(d) = 8*d + 92. Calculate s(-12).
-4
Let o(a) = 4*a + 75. What is o(-12)?
27
Let x(j) = -10*j - 83. Calculate x(0).
-83
Let g(c) = 8*c + 78. Determine g(-7).
22
Let k(s) = 2*s**2 + 31*s + 40. What is k(-14)?
-2
Let f(g) = g**2 - 14*g + 7. Give f(-4).
79
Let k(f) = f**2 - 8*f + 4. Determine k(10).
24
Let u(g) = g**3 - 7*g**2 - 5*g - 5. Determine u(7).
-40
Let r(k) = -7*k - 3. Determine r(-5).
32
Let u(z) = -z**2 - 6*z - 25. Give u(-8).
-41
Let n(x) = -x**2 + 7*x - 8. Calculate n(7).
-8
Let k(g) = 2*g + 40. Give k(-22).
-4
Let a(u) = u**2 + 4*u + 1. What is a(-3)?
-2
Let b(w) = -5*w**2 + 92*w - 115. Give b(17).
4
Let d(y) = -5*y + 12. Give d(-5).
37
Let k(y) = -15*y - 5. Give k(-3).
40
Let j(b) = 4*b + 7. Give j(3).
19
Let i(m) = -m**3 + 10*m**2 - 5*m - 25. Calculate i(9).
11
Let u(o) = -o**3 - 6*o**2 + 4*o - 22. Give u(-7).
-1
Let f(q) = 9*q**3 + 5*q**2 - 3*q + 1. Determine f(1).
12
Let i(w) = 70*w - 3. Give i(1).
67
Let n(l) = -2*l**3 + 16*l**2 - 9*l - 8. Give n(7).
27
Let b(v) = v**2 - 14*v - 3. Calculate b(14).
-3
Let a(y) = 13*y**3 + y**2 - y - 1. What is a(-1)?
-12
Let m(d) = 23*d + 213. Calculate m(-9).
6
Let x(z) = -z**2 - 5*z + 1. Calculate x(5).
-49
Let s(c) = -12*c + 16. Determine s(5).
-44
Let h(r) = 4*r**3 - 2*r**2 - 2*r + 3. What is h(2)?
23
Let f(u) = -5*u + 46. Give f(8).
6
Let i(d) = -10*d - 4. Calculate i(5).
-54
Let c(b) = b**3 + 7*b**2 + 14*b + 11. Give c(-4).
3
Let w(m) = -5*m**2. Give w(-1).
-5
Let y(f) = f**2 - 10*f + 5. Determine y(6).
-19
Let b(w) = 3*w - 27. Give b(16).
21
Let p(c) = c**2 - 6*c - 5. Calculate p(5).
-10
Let s(w) = -10*w + 637. Calculate s(64).
-3
Let i(x) = x**2 - 6*x + 4. What is i(7)?
11
Let q(h) = -3*h - 17. Calculate q(7).
-38
Let x(s) = -s - 11. Determine x(8).
-19
Let b(c) = -c**2 - 14*c - 25. Give b(-11).
8
Let v(n) = -10*n**2 - 11*n + 12. What is v(1)?
-9
Let p(w) = w**3 - 10*w**2 + 8*w - 9. What is p(9)?
-18
Let z(v) = v**2 + 14*v + 18. What is z(-12)?
-6
Let o(r) = r**3 + 14*r**2 + 14*r + 11. What is o(-13)?
-2
Let n(m) = -m**3 - 14*m**2 - 16*m - 30. What is n(-13)?
9
Let q(v) = 9*v + 223. Determine q(-25).
-2
Let r(i) = -i**3 - 10*i**2 + 14*i - 11. Determine r(-11).
-44
Let g(i) = i**3 + 6*i**2 - 2*i - 4. Give g(-6).
8
Let k(s) = -3*s + 32. What is k(12)?
-4
Let f(m) = m**3 + 6*m**2 + 2*m - 14. Determine f(-5).
1
Let p(n) = -n**3 + 7*n**2 + 1. Calculate p(5).
51
Let y(a) = a**2 - 12*a + 18. Determine y(13).
31
Let a(v) = 2*v**2 + 2*v - 1. Give a(4).
39
Let n(l) = -l**2 - 15*l + 13. Give n(-12).
49
Let v(l) = l**3 + 10*l**2 - 27*l - 30. Give v(-12).
6
Let o(m) = m - 2. Determine o(-2).
-4
Let p(u) = -3*u**2 + u - 2. Give p(-2).
-16
Let q(j) = j**2 - 3*j - 34. What is q(-7)?
36
Let z(l) = -l**3 - 4*l**2 - l. Determine z(-3).
-6
Let t(c) = -3*c**3 + 11*c**2 - 6*c + 3. Determine t(3).
3
Let s(d) = d**3 - 14*d**2 + 31*d + 30. Calculate s(11).
8
Let x(m) = -m**2 - 7*m + 34. Give x(-11).
-10
Let g(w) = w**3 - 5*w**2 - 17*w + 12. Determine g(7).
-9
Let h(l) = -l**3 + 8*l**2 - 7*l + 6. Give h(7).
6
Let c(h) = h**3 - 7*h**2 + 11*h - 72. What is c(7)?
5
Let w(p) = -2*p**2 + 10*p + 9. What is w(6)?
-3
Let f(n) = 19*n - 208. Calculate f(10).
-18
Let d(c) = -6*c + 170. What is d(28)?
2
Let d(q) = -2*q + 23. Give d(7).
9
Let k(d) = -14*d - 2. Give k(4).
-58
Let q(k) = -2*k**3 + 2*k - 2. Give q(2).
-14
Let g(l) = 19*l + 54. What is g(-5)?
-41
Let g(h) = 3*h + 8. What is g(8)?
32
Let k(g) = 10*g**3 + 2*g**2 - 1. Calculate k(1).
11
Let o(q) = -3*q - 15. Determine o(-8).
9
Let z(f) = f**3 + 13*f**2 + 10*f + 16. Determine z(-12).
40
Let n(d) = 2*d - 92. Calculate n(45).
-2
Let y(n) = -4*n. Determine y(0).
0
Let l(s) = s**3 + 24*s**2 + 45*s + 24. Calculate l(-22).
2
Let k(s) = -61*s**3 - s**2 - s + 1. Give k(1).
-62
Let z(j) = 52*j + 19. Give z(3).
175
Let k(c) = -c + 6. Determine k(-10).
16
Let q(i) = -2*i + 12. Determine q(-8).
28
Let q(y) = -y**3 - 13*y**2 + 13*y - 14. Calculate q(-14).
0
Let v(a) = -14*a - 2. What is v(-1)?
12
Let d(g) = -g**3 + 5*g**2 - 3*g + 3. What is d(3)?
12
Let m(u) = 8*u - 4. What is m(-4)?
-36
Let h(f) = f**3 - 12*f**2 - f + 3. What is h(12)?
-9
Let l(j) = j**3 + 9*j**2 - 17*j + 12. Give l(-10).
82
Let l(n) = -n**3 - 2*n**2 - 3*n - 1. Give l(-2).
5
Let d(k) = k**2 + 24*k - 3. What is d(-26)?
49
Let v(i) = -i**3 + 6*i**2 + 89*i + 18. Determine v(13).
-8
Let w(d) = d**2 + 10*d - 4. Calculate w(-11).
7
Let x(j) = -j**3 + 12*j**2 - 10*j - 13. What is x(11)?
-2
Let n(f) = f**3 - 2*f**2 - 22*f + 12. Give n(5).
-23
Let o(t) = -11*t**3 + 3*t**2 + 3*t. Determine o(-1).
11
Let g(z) = z + 51. Give g(6).
57
Let i(n) = n + 3. Give i(-7).
-4
Let c(z) = -z - 3. What is c(12)?
-15
Let u(o) = 3*o - 38. Calculate u(10).
-8
Let a(c) = 11*c + 18. What is a(-2)?
-4
Let l(n) = 2*n**2 + 7*n + 5. Give l(-2).
-1
Let o(i) = -i**2 - 12*i - 1. Determine o(-11).
10
Let x(z) = -z**3 - 24*z**2 + z + 26. What is x(-24)?
2
Let i(g) = -5*g + 25. Determine i(8).
-15
Let c(j) = 61*j**3 - 1. Determine c(-1).
-62
Let i(c) = c**2 - 38*c - 61. What is i(40)?
19
Let b(d) = d**2 - 14*d - 19. Calculate b(15).
-4
Let m(b) = -b**2 + 4*b + 112. What is m(13)?
-5
Let a(k) = k - 29. What is a(24)?
-5
Let y(b) = -b**3 - b**2 - b + 11. What is y(0)?
11
Let t(k) = -k**2